is the hundreds digit of j?
2
Let v(l) be the first derivative of -l**2/2 + 2*l - 7. Let n be v(0). Suppose -4*y = n*a + 14, 4*y + 29 = 3*a - 0*y. What is the units digit of a?
3
What is the units digit of 4 + -2 - -1363 - -6?
1
Let h = 663 + -1261. Suppose 5*g = 10*g - 20. What is the units digit of (h/(-65))/(g/10)?
3
Let q be (8/(-6))/(44/(-12) - -3). Suppose q*t - 130 = 4. What is the tens digit of t?
6
Let b = -201 + 540. What is the units digit of b?
9
What is the hundreds digit of (2/(-12))/((-11)/64086)?
9
Suppose -33*y + 36*y = 6. What is the units digit of -4 - -7 - y*(-166)/4?
6
Let c(z) = z**3 + 2*z**2 - 1. Suppose 2*b = -12 + 6. Let u be c(b). What is the units digit of u/3*(-12)/10?
4
Let x = -148 - -152. Suppose x*a - 20 = -a, -c + 163 = 4*a. What is the hundreds digit of c?
1
Let p be (-66)/18 + 1/(-3). Let j = p + 4. Let u(s) = s**3 + 54. What is the tens digit of u(j)?
5
Let t = -237 - -449. Suppose -z - 2*v + t = 0, 3*z + 3*v - 646 = -v. What is the units digit of z?
2
Suppose -6*h - 48 - 852 = 0. Let p = -10 - h. What is the hundreds digit of p?
1
Suppose 0 = -5*o + 3*h - 9, -5*o + 4 = h + 1. Let z be o - 2 - (-3)/(-1). Let f = 7 + z. What is the units digit of f?
2
Let m(y) = -y + 8. Let r be m(5). Suppose -8*v + r = -7*v. What is the tens digit of 68 - (v - (-4 + 4))?
6
Suppose -324 = -9*u + 3*u. What is the tens digit of u?
5
Suppose 0 = 4*p - 7*s + 20*s - 3748, 942 = p + 2*s. What is the tens digit of p?
5
Suppose -q + 1086 = -3*b, -b + 4 = 6. What is the tens digit of q?
8
Suppose 11*u - 18*u + 2394 = 0. What is the units digit of u?
2
Let r be 16/12*(-42)/(-2). Suppose 3*c + 4*p = -p + r, c + 4*p - 14 = 0. What is the units digit of (1/(-3))/(c/(-36))?
2
Suppose v + 2*z = -12, -4*z = v + 3 + 11. Let k = v + 31. What is the units digit of k?
1
What is the tens digit of (6112/96)/((-1)/(-24))?
2
Let k(r) = r**2 - r + 1. Let x be k(-3). Suppose 5*v = 4*f - 147, 0 = f - 4*v - x - 32. Suppose n + 37 = 6*n - y, f = 3*n + 3*y. What is the units digit of n?
8
Let z = -160 - -377. What is the tens digit of z?
1
Let c be 2 - 0*(1 + 0). Suppose -c*d = -4*p + 340, -5*d = -4*p - 0*d + 334. What is the tens digit of p?
8
Let x be 169 + -10 - (1 - 1). Suppose -3*s + x = 3*m, -3*m - m + 219 = -3*s. Suppose -4*a = -a - m. What is the tens digit of a?
1
Suppose 0 = -49*u + 47*u - 2. Let o(i) = -128*i**3 - i**2 + 2*i + 3. What is the hundreds digit of o(u)?
1
Suppose -z + 4*m + 663 = m, 5*z - 3255 = 3*m. What is the hundreds digit of z?
6
Suppose -8*o = w - 3*o - 768, 4*w = -o + 3053. What is the units digit of w?
3
Let x(v) = 2*v**2 - 18*v + 5. Let f be x(13). Suppose 3*w - f = 5*l, -3*w - 4*l - 57 = -175. What is the units digit of w?
8
Suppose 5*d - v - 14 = 0, -4*v - 12 = -2*d + 4*d. Suppose -4*k = -d*k - 4. What is the tens digit of -4 + (2 + 62)/k?
2
Suppose 0 = -7*v - v + 2752. What is the tens digit of v?
4
Suppose 0 = -2*y - 2*l + 2278, -2*l = -4*y + 3029 + 1545. What is the hundreds digit of y?
1
Let s(r) = 8*r**3 - 4*r**2 + 22*r - 39. What is the units digit of s(2)?
3
Suppose 318 = -10*z + 868. What is the units digit of z?
5
What is the units digit of -1755*(6/(-9) - (-8)/(-15))?
6
Let v(r) be the first derivative of -r**4/4 + 3*r**3 - 7*r**2/2 + r + 96. Let x = 3 - -4. What is the units digit of v(x)?
0
Suppose -3*r = 3 - 15. Let k be ((-2)/r)/((-1)/10). Suppose i + 68 = y + y, -y + 34 = -k*i. What is the units digit of y?
4
Let m = 2006 - 1187. What is the tens digit of m?
1
Let q be (6/(-4))/((-5)/10). Suppose 5*d - 6 = -2*b, -d + q*b = -0*d + 9. Suppose d = -0*k + 5*k - 125. What is the tens digit of k?
2
Let o(i) = -3*i**3 + 9*i**2 - i + 6. Let m(g) = -10*g**3 + 26*g**2 - 3*g + 19. Let c(s) = 2*m(s) - 7*o(s). What is the units digit of c(11)?
7
Suppose -24*o - 3855 = -27*o - 3*h, -2*h = -3*o + 3840. What is the thousands digit of o?
1
Let p(j) = 3*j - 27. Let f be p(11). What is the units digit of (3 - f/3)*90?
0
Let h = -16 + 69. Suppose 56*b = h*b + 864. What is the units digit of b?
8
Let q = -2 - -8. Let i(l) = -l**2 + 7*l - 6. Let b be i(q). Let x(o) = -2*o + 10. What is the units digit of x(b)?
0
Let o be (-2 - -1)/((-1)/2). Let q be ((-4)/(-2))/(o/22). Suppose 0 = -2*i + q + 12. What is the units digit of i?
7
Let v(m) = m + 4. Let r be v(-4). Suppose r = 3*i - 0 + 9. Let x = 8 - i. What is the tens digit of x?
1
Suppose -2*r - 3*r = -30. Let m(a) = 9*a**2 - 2*a**2 + a - a**3 - 40 + r*a + 41. What is the units digit of m(7)?
0
Let g(y) = -y - 1. Let o(n) = 2*n**2 + 2*n - 2. Let p be o(1). Suppose -3*m - 4 - p = 0. What is the units digit of g(m)?
1
Suppose w + 12 = 284. Suppose -5*d = -3*q - w, 3*d - 3*q = -0*q + 168. What is the tens digit of d?
5
Let x be (4 - 5)*(1 - 96). Let r = -53 + x. Suppose -r = -7*w + 5*w. What is the tens digit of w?
2
Let y(j) = 61*j + 369. Let s be y(-6). Let l = 8 - 1. Suppose -2*h + 90 = s*d - l*h, d - 34 = 3*h. What is the tens digit of d?
2
Suppose 0 = -4*q + 9*q - 455. Let o = -93 + 154. Let r = q - o. What is the units digit of r?
0
Let i(w) = w**3 + 4*w**2 - 5*w + 5. Let z be ((-8)/3 - -1)*3. Let r be i(z). What is the units digit of -3 + r - (-2 - 4)?
8
Let k = -334 - -629. What is the units digit of k?
5
What is the tens digit of (-7 + (-7646)/(-2))/2?
0
Let w = -211 - -2261. What is the thousands digit of w?
2
Let b = 3815 + -1791. What is the thousands digit of b?
2
What is the tens digit of ((-164)/(-10))/(7/315)?
3
Let l(x) = 59*x**2 - 236*x. Let q(i) = -i. Let s(n) = l(n) - 236*q(n). Suppose -p + 3 - 4 = 0. What is the units digit of s(p)?
9
Let m = -7 + 9. Suppose 0 = m*r - 4*r + 130. Suppose 3*f + r = 8*f. What is the units digit of f?
3
Suppose v = 0, -m = m - v. Let z(g) = -g + 2. Let j be z(-6). Suppose m = -9*p + j*p + 38. What is the units digit of p?
8
Let y(g) = -g**2 - 61*g + 54. What is the units digit of y(-59)?
2
Suppose -3*b = -0*b - 12. Suppose -5*y = -5*o + 205, 3*o - y = -b*y + 147. Suppose o + 30 = 5*p. What is the tens digit of p?
1
Suppose -5*w + 12096 = 19*w. What is the tens digit of w?
0
Suppose 0 = 3*r + 19 + 2. Let g be 3/(-7) + (-3)/r. Suppose g = 5*a - 167 + 52. What is the tens digit of a?
2
Let r(x) = 2*x**2 - 2*x - 4. Let u(o) be the second derivative of o**4/4 - o**3/3 - 2*o**2 + o. Let d(f) = -4*r(f) + 3*u(f). What is the units digit of d(-4)?
2
Let d(x) = -30*x - 38. Let f be (-2)/4 + 18/(-4). What is the units digit of d(f)?
2
Let t(z) = z**2 - 11*z + 17. Let o be t(10). Let h(c) = 2*c**2 - 5*c + 29. What is the tens digit of h(o)?
9
Suppose 5*c + 23 - 3 = 5*i, 0 = -2*c - 2*i + 8. Suppose 114 = 2*q - c*q. What is the tens digit of q?
5
Let g(t) = t**2 - 32*t + 229. What is the tens digit of g(9)?
2
Let d(q) = q + 17. Let h be d(-12). Let u = -13 + h. Let a = 8 - u. What is the tens digit of a?
1
Let o = -214 - -428. What is the hundreds digit of o?
2
Let n(p) = p**2 + 2*p. Let o(b) = -b**3 - 12*b**2 - 12*b - 16. Suppose 64*j - 63*j + 11 = 0. Let u be o(j). What is the tens digit of n(u)?
1
Suppose -2*p - 7 = -5. Let r be (-1 + 0)/(p/(-3)). Let d = r + 8. What is the units digit of d?
5
Let m = 49 + -55. What is the tens digit of 236*5/m*(-9)/10?
7
Let d(a) = -a**2 - 10*a + 3. Let k(c) = -c**3 + 8*c**2 - 4*c - 6. Let g be k(7). Let j = 7 - g. What is the units digit of d(j)?
9
What is the hundreds digit of 375 + 12 + 1 + -6 + 1?
3
Let g(a) be the first derivative of a**3/3 - 2*a**2 + 4*a - 4. What is the tens digit of g(7)?
2
Suppose -3*h + 8*h - 3*r = -1081, 219 = -h + 2*r. What is the hundreds digit of (312/(-210) - (-6)/21)*h?
2
Suppose -13 = 4*w + 23. Let x(m) = -m + 1 + m**3 - 3*m**2 + 6*m**2 + 6*m**2. What is the units digit of x(w)?
0
Suppose -3*i + i + 4*b + 480 = 0, -5*i - b + 1156 = 0. What is the hundreds digit of i?
2
Let c(o) = 34*o**2 - 5*o + 25. What is the thousands digit of c(-8)?
2
Let n(z) = -5*z**3 + 2*z**2 - 1. Let x(a) = -a**3 + 8*a**2 - a + 7. Let v be x(8). Let f be n(v). Suppose f*l + 69 = 9*l. What is the units digit of l?
3
Suppose -13*x + x = -3828. What is the tens digit of x?
1
Let b(c) = -c**3 + 3*c**2 - 3*c + 8. Let a be b(3). What is the units digit of 77 + 0 + (a - 3)?
3
Let q = 2348 + -688. What is the units digit of q?
0
Let x(b) = -b**3 + 6*b**2 - 27*b - 271. What is the units digit of x(-12)?
5